s 8545 a prime number?
False
Is 2861 prime?
True
Is 2203 a prime number?
True
Is 22769 prime?
True
Is 15929 a composite number?
True
Is 150697 a prime number?
True
Is 18191 a composite number?
False
Is 63782 composite?
True
Is 61193 a prime number?
False
Is 848755 a composite number?
True
Is 3099649 composite?
True
Is 2353 prime?
False
Is 113353 a prime number?
False
Is 583 a prime number?
False
Is 116339 a composite number?
True
Is 39469 a prime number?
False
Is 1018061 a composite number?
True
Is 136543 prime?
False
Is 106979 a prime number?
True
Is 5833 a prime number?
False
Is 113923 composite?
True
Is 1139 a prime number?
False
Is 77117 a prime number?
False
Is 81311 composite?
True
Is 4082747 a composite number?
False
Is 2785 composite?
True
Is 104011 prime?
False
Is 35339 composite?
False
Is 3155 composite?
True
Is 866 a composite number?
True
Is 9206 a prime number?
False
Is 2075641 composite?
False
Is 347401 prime?
True
Is 20841 a prime number?
False
Is 2598971 a prime number?
True
Is 123791 a prime number?
True
Is 441787 composite?
False
Is 52961 a composite number?
True
Is 12953 composite?
False
Is 107641 composite?
False
Is 3443 a prime number?
False
Is 23399 a prime number?
True
Is 5627 prime?
False
Is 4441 composite?
False
Is 17011 a prime number?
True
Is 53254 a composite number?
True
Is 172849 composite?
False
Is 3817 a prime number?
False
Is 29041 a composite number?
True
Is 13451 composite?
False
Is 1019105 composite?
True
Is 49273 composite?
True
Is 198097 a composite number?
False
Is 148331 a prime number?
True
Is 217055 a composite number?
True
Is 334181 prime?
False
Is 51383 composite?
False
Is 15529 composite?
True
Is 6313 a composite number?
True
Is 113837 a prime number?
True
Is 20017 composite?
True
Is 57314 composite?
True
Is 77189 a prime number?
False
Is 56393 a prime number?
True
Is 951623 a composite number?
False
Is 13781 a composite number?
False
Is 7751 a composite number?
True
Is 1361 a composite number?
False
Is 88449 a composite number?
True
Is 22229 composite?
False
Is 7079 composite?
False
Is 86677 composite?
False
Is 64709 composite?
False
Is 121637 prime?
True
Is 227405 a composite number?
True
Is 2942413 a prime number?
False
Is 40987 composite?
True
Is 1003683 composite?
True
Is 14369 composite?
False
Is 3152383 prime?
False
Is 32107 a prime number?
False
Is 138727 composite?
False
Is 5951 prime?
False
Is 499471 a prime number?
False
Is 6801 a composite number?
True
Is 4367 a prime number?
False
Is 1289401 composite?
False
Is 20137 prime?
False
Is 901 prime?
False
Is 1085933 prime?
True
Is 705521 prime?
True
Is 11467 a composite number?
False
Is 116789 prime?
True
Is 591053 a composite number?
False
Is 6973 a prime number?
False
Is 409 prime?
True
Is 61441 a prime number?
True
Is 581522 composite?
True
Is 105047 a composite number?
True
Is 61433 composite?
True
Is 28349 a composite number?
False
Is 11278 composite?
True
Is 737 prime?
False
Is 138689 a composite number?
True
Is 2333 a composite number?
False
Is 7001 prime?
True
Is 17146 composite?
True
Is 1931 composite?
False
Is 68351 a prime number?
True
Is 131731 prime?
True
Is 987653 composite?
True
Is 157363 a composite number?
False
Is 47189 prime?
True
Is 51383 prime?
True
Is 339079 prime?
False
Is 10162 prime?
False
Is 5539 a prime number?
False
Is 1906 composite?
True
Is 9745 prime?
False
Is 22551 a prime number?
False
Is 18947 a prime number?
True
Is 15845 a composite number?
True
Is 20303 composite?
True
Is 2025827 a composite number?
False
Is 378269 prime?
True
Is 172429 prime?
False
Is 25409 a composite number?
False
Is 1511891 prime?
True
Is 2371 a composite number?
False
Is 48089 a prime number?
False
Is 8499 composite?
True
Is 126843 prime?
False
Is 14939 composite?
False
Is 179897 a prime number?
True
Is 29423 a composite number?
False
Is 1907 composite?
False
Is 15011 a composite number?
True
Is 749 prime?
False
Is 586067 a prime number?
True
Is 163543 a composite number?
False
Is 30223 a composite number?
False
Is 32845 composite?
True
Is 45777 a prime number?
False
Is 256015 composite?
True
Is 1198133 composite?
False
Is 18211 composite?
False
Is 15053 composite?
False
Is 1697953 prime?
True
Is 5397089 a composite number?
False
Is 120157 composite?
False
Is 68767 a prime number?
True
Is 238417 a composite number?
False
Is 1397 a composite number?
True
Is 30791 a composite number?
True
Is 317797 a composite number?
False
Is 28333 a prime number?
False
Is 1792139 prime?
True
Is 28447 prime?
True
Is 1330601 a composite number?
False
Is 67103 a composite number?
False
Is 844267 prime?
False
Is 28465 a composite number?
True
Is 90067 a composite number?
False
Is 16621 a composite number?
True
Is 674893 composite?
True
Is 206287 composite?
True
Is 31043 a composite number?
True
Is 1665919 a prime number?
True
Is 3747 prime?
False
Is 87307 a prime number?
False
Is 305441 a prime number?
True
Is 1973 prime?
True
Is 28907 a composite number?
True
Is 2191393 a prime number?
True
Is 4804087 composite?
False
Is 7711 composite?
True
Is 209003 a composite number?
True
Is 254857 a composite number?
False
Is 151541 composite?
True
Is 12179 prime?
False
Is 120539 composite?
False
Is 88379 prime?
True
Is 13303 a prime number?
False
Is 2609 a composite number?
False
Is 178639 a composite number?
False
Is 79279 a prime number?
True
Is 21631 composite?
True
Is 211493 composite?
False
Is 22433 a prime number?
True
Is 11519 a composite number?
False
Is 25657 composite?
False
Is 43691 composite?
False
Is 3017 a composite number?
True
Is 18397 a composite number?
False
Is 44069 a composite number?
True
Is 20885 prime?
False
Is 404671 a prime number?
True
Is 7343 composite?
True
Is 157361 a composite number?
True
Is 238247 prime?
True
Is 420023 prime?
False
Is 435343 a composite number?
False
Is 23053 composite?
False
Is 57037 composite?
False
Is 4686881 a prime number?
True
Is 7339 a composite number?
True
Is 2599 a composite number?
True
Is 53047 a prime number?
True
Is 16301 prime?
True
Is 34123 composite?
False
Is 384437 a composite number?
False
Is 25183 composite?
False
Is 412147 prime?
True
Is 1116199 composite?
True
Is 3603 composite?
True
Is 59009 composite?
False
Is 70607 prime?
True
Is 53254 a composite number?
True
Is 52571 composite?
False
Is 101481 a prime number?
False
Is 233069 composite?
False
Is 41555 prime?
False
Is 480203 a composite number?
False
Is 12239 composite?
False
Is 272807 a composite number?
False
Is 16183 prime?
True
Is 26077 a composite number?
True
Is 733 a composite number?
False
Is 1333711 a prime number?
False
Is 41315 a composite number?
True
Is 15227 a prime number?
True
Is 430663 prime?
True
Is 530969 a prime number?
True
Is 30869 composite?
False
Is 70049 prime?
False
Is 61319 a prime number?
False
Is 46558 a composite number?
True
Is 916415 a prime number?
False
Is 33343 a composite number?
False
Is 37441 a prime number?
True
Is 6801 a prime number?
False
Is 23578 prime?
False
Is 130337 a composite number?
False
Is 36599 a composite number?
False
Is 921491 composite?
False
Is 625231 composite?
False
Is 28277 a composite number?
False
Is 396103 prime?
True
Is 1507 a composite number?
True
Is 3163 composite?
False
Is 24223 composite?
False
Is 10369 a composite number?
False
Is 18059 a prime number?
True
Is 104579 prime?
True
Is 43379 composite?
True
Is 647189 prime?
True
Is 29371 a composite number?
True
Is 5803 a composite number?
True
Is 233 prime?
True
Is 927893 prime?
False
Is 6458 prime?
False
Is 30011 a composite number?
False
Is 52051 prime?
True
Is 123407 a composite number?
False
Is 244529 a composite number?
False
Is 2323 a composite number?
True
Is 366271 prime?
False
Is 518341 composite?
False
Is 23971 prime?
True
Is 1473347 a composite number?
True
Is 52511 composite?
False
Is 42709 composite?
False
Is 145771 a prime number?
True
Is 16871 composite?
False
Is 490067 a composite number?
True
Is 943127 composite?
False
Is 1474751 a composite number?
False
Is 563131 composite?
False
Is 34211 prime?
True
Is 229169 a composite number?
True
Is 2218813 composite?
True
Is 17153 prime?
False
Is 80309 prime?
True
Is 58189 a composite number?
False
Is 248362 prime?
False
Is 82883 a prime number?
True
Is 99511 com